en 253642 is divided by 151.
113
Calculate the remainder when 30569655 is divided by 62.
59
Calculate the remainder when 308069 is divided by 4.
1
What is the remainder when 5405702 is divided by 1081129?
57
What is the remainder when 1587325 is divided by 56690?
5
What is the remainder when 150664 is divided by 29679?
2269
Calculate the remainder when 752294 is divided by 188.
106
What is the remainder when 7775755 is divided by 344?
323
What is the remainder when 3831755 is divided by 908?
903
Calculate the remainder when 39659 is divided by 4946.
91
What is the remainder when 1589174 is divided by 767?
717
Calculate the remainder when 92258 is divided by 259.
54
Calculate the remainder when 614266 is divided by 68248.
34
Calculate the remainder when 1318201 is divided by 30653.
122
What is the remainder when 21188 is divided by 920?
28
What is the remainder when 22030051 is divided by 6?
1
Calculate the remainder when 258565 is divided by 258541.
24
Calculate the remainder when 38604775 is divided by 173.
171
What is the remainder when 101676027 is divided by 2043?
3
Calculate the remainder when 75961 is divided by 491.
347
Calculate the remainder when 8689328 is divided by 42.
32
What is the remainder when 761120 is divided by 67?
0
What is the remainder when 449910 is divided by 686?
580
What is the remainder when 1910195 is divided by 554?
3
Calculate the remainder when 822575 is divided by 3412.
283
Calculate the remainder when 529451 is divided by 2117.
201
What is the remainder when 141864818 is divided by 14660?
14658
What is the remainder when 284025 is divided by 40310?
1855
Calculate the remainder when 12288945 is divided by 18877.
18
What is the remainder when 4510687 is divided by 14?
13
Calculate the remainder when 18199875 is divided by 572.
551
Calculate the remainder when 2667922 is divided by 725.
647
Calculate the remainder when 20758 is divided by 20406.
352
What is the remainder when 2874764 is divided by 4209?
17
What is the remainder when 463541 is divided by 231769?
3
Calculate the remainder when 1513796 is divided by 254.
210
What is the remainder when 3519172 is divided by 93?
52
Calculate the remainder when 3732829049 is divided by 4701.
4700
What is the remainder when 34913 is divided by 34434?
479
What is the remainder when 3931205 is divided by 655200?
5
Calculate the remainder when 14313149 is divided by 45.
44
Calculate the remainder when 375150 is divided by 614.
610
What is the remainder when 524366 is divided by 1619?
1429
What is the remainder when 7865978 is divided by 45?
23
Calculate the remainder when 19461293 is divided by 432473.
8
What is the remainder when 167999275 is divided by 151?
148
Calculate the remainder when 276714777 is divided by 138357386.
5
What is the remainder when 41171915 is divided by 109?
108
Calculate the remainder when 8369287 is divided by 643.
642
Calculate the remainder when 6279732 is divided by 3227.
3217
Calculate the remainder when 497137 is divided by 27614.
85
Calculate the remainder when 243522 is divided by 11590.
132
What is the remainder when 1936644 is divided by 4525?
4469
Calculate the remainder when 753526452 is divided by 1969.
1966
Calculate the remainder when 2102963732 is divided by 9.
8
What is the remainder when 3700296159 is divided by 110?
109
What is the remainder when 5727066 is divided by 2685?
2646
What is the remainder when 1354146 is divided by 1354134?
12
What is the remainder when 63087 is divided by 371?
17
Calculate the remainder when 1234202 is divided by 112198.
24
What is the remainder when 431399 is divided by 1042?
11
What is the remainder when 13059132 is divided by 3116?
3092
What is the remainder when 3751 is divided by 94?
85
Calculate the remainder when 229981 is divided by 76657.
10
What is the remainder when 89670 is divided by 41535?
6600
What is the remainder when 6978152 is divided by 11?
5
What is the remainder when 2752784 is divided by 688193?
12
What is the remainder when 16314 is divided by 5722?
4870
What is the remainder when 209723 is divided by 2914?
2829
Calculate the remainder when 1667843 is divided by 1221.
1178
What is the remainder when 639596 is divided by 334?
320
What is the remainder when 1013807 is divided by 2403?
2144
What is the remainder when 66388727 is divided by 4148?
4135
Calculate the remainder when 350118 is divided by 489.
483
Calculate the remainder when 31027 is divided by 2067.
22
Calculate the remainder when 188034 is divided by 26374.
3416
Calculate the remainder when 1223577 is divided by 747.
738
What is the remainder when 265716 is divided by 132792?
132
What is the remainder when 45651 is divided by 5025?
426
Calculate the remainder when 344106 is divided by 354.
18
Calculate the remainder when 58308321 is divided by 7172.
7133
Calculate the remainder when 2425393 is divided by 559.
451
Calculate the remainder when 444774 is divided by 17786.
124
Calculate the remainder when 69018 is divided by 217.
12
What is the remainder when 7722 is divided by 6122?
1600
What is the remainder when 142573851 is divided by 43?
41
What is the remainder when 1686097 is divided by 4?
1
Calculate the remainder when 405118 is divided by 2178.
10
Calculate the remainder when 13783993 is divided by 26.
15
What is the remainder when 61525798 is divided by 399?
397
What is the remainder when 261097 is divided by 1573?
1552
Calculate the remainder when 2613317 is divided by 871100.
17
Calculate the remainder when 639522898 is divided by 2831.
2829
What is the remainder when 2262218 is divided by 17536?
74
Calculate the remainder when 26904864 is divided by 1749.
1746
What is the remainder when 213974 is divided by 69920?
4214
Calculate the remainder when 917854 is divided by 152969.
40
Calculate the remainder when 7421702 is divided by 226.
88
What is the remainder when 53144 is divided by 4911?
4034
What is the remainder when 278894 is divided by 3928?
6
What is the remainder when 1035053 is divided by 1035025?
28
What is the remainder when 31700295 is divided by 4528607?
46
Calculate the remainder when 71423795 is divided by 1400.
1395
What is the remainder when 4522863 is divided by 50254?
3
What is the remainder when 1320395260 is divided by 2711?
2710
What is the remainder when 90245 is divided by 7647?
6128
What is the remainder when 192567890 is divided by 30?
20
Calculate the remainder when 52385 is divided by 1137.
83
What is the remainder when 2128015 is divided by 3200?
15
Calculate the remainder when 6130068 is divided by 173.
159
What is the remainder when 22315124 is divided by 2014?
4
Calculate the remainder when 23969902 is divided by 56.
54
What is the remainder when 951926645 is divided by 971?
969
Calculate the remainder when 501574 is divided by 64.
6
Calculate the remainder when 7061351 is divided by 1008763.
10
Calculate the remainder when 1936890 is divided by 444.
162
Calculate the remainder when 22483 is divided by 855.
253
Calculate the remainder when 763478 is divided by 26295.
923
Calculate the remainder when 6549874 is divided by 158.
142
Calculate the remainder when 5185096 is divided by 17.
11
What is the remainder when 79293 is divided by 26392?
117
Calculate the remainder when 716552 is divided by 11741.
351
What is the remainder when 10867535 is divided by 46?
35
What is the remainder when 1558106 is divided by 67?
21
Calculate the remainder when 67935983 is divided by 1893.
1892
What is the remainder when 5013104 is divided by 1496?
8
What is the remainder when 1099794 is divided by 45?
39
What is the remainder when 96317113 is divided by 2212?
2209
What is the remainder when 47071409 is divided by 296?
9
What is the remainder when 585956238 is divided by 3595?
3593
What is the remainder when 17501314 is divided by 40?
34
Calculate the remainder when 206588554 is divided by 1377.
1375
What is the remainder when 90250 is divided by 976?
458
What is the remainder when 4483304 is divided by 61415?
9
What is the remainder when 72129 is divided by 281?
193
What is the remainder when 14508324 is divided by 1273?
1216
Calculate the remainder when 330960 is divided by 61.
35
Calculate the remainder when 52337321 is divided by 928.
905
What is the remainder when 2373508 is divided by